se c = -3*m + 21 + 1, -2*m = -2*c - 28. What is the remainder when m is divided by 5?
4
Suppose 2*h - 16 - 9 = 5*l, -5*h + 48 = 2*l. Let c = 41 - h. Let f(b) = 2*b - 1. Calculate the remainder when c is divided by f(6).
9
Let l = 7 + -5. Let d be ((-6)/15)/(1/(-30)). What is the remainder when ((-30)/d)/(5/(-12)) is divided by l?
0
Let k = 230 - 138. Calculate the remainder when k is divided by 19.
16
Suppose 0 = -10*k + 5*k + 90. Suppose -p + 0*p = -k. What is the remainder when p is divided by 7?
4
Let u = 10 + -5. Suppose -12 = u*o - 2*o, 0 = -5*b - 3*o + 123. Let j = b - 17. Calculate the remainder when 19 is divided by j.
9
Suppose 34*r + 52 = 38*r. What is the remainder when 140 is divided by r?
10
Let n(h) be the first derivative of h**4/4 + 30*h - 4. Calculate the remainder when n(0) is divided by 16.
14
Suppose -4*l + 214 = -l + 2*o, -297 = -4*l - 5*o. Calculate the remainder when l is divided by 24.
20
Suppose -z + 4*z = 4*t + 94, 0 = 5*t - 25. What is the remainder when z is divided by 8?
6
Suppose 0 = -3*w + 12, 0 = 2*p + 5*w - 10*w + 6. What is the remainder when 17 is divided by p?
3
Suppose 3*g = 23 + 34. What is the remainder when g is divided by 5?
4
Let y be 0/2*-1 - -5. Suppose y*a - 10 = -0*a. Calculate the remainder when 5 is divided by a.
1
Suppose -g = -3, 3*h + 2*h - 26 = -2*g. Suppose 0 = -4*r + t - 0*t + 9, h*r + t - 7 = 0. Calculate the remainder when 36 is divided by r/(-7) + (-135)/(-7).
17
Let l = 16 + -11. Suppose -l*t + 4 = -1. Calculate the remainder when t/3 - 285/(-9) is divided by 11.
10
Let n(i) = -i**2 + 8*i - 10. Let o be n(7). Let c = o - -5. Suppose c*t - 10 = 14. Calculate the remainder when t is divided by 7.
5
Suppose -5*h = -21 - 14. Let r = h - -2. Let f(k) = -6*k - 8. What is the remainder when f(-4) is divided by r?
7
Let h be (1/2)/(3/36). Let b be 93/13 - h/39. Let n = 11 - b. Calculate the remainder when n is divided by 2.
0
Suppose 38 = o - 9. Let d(y) = y**2 + 5*y + 2. Suppose 0*h = 2*h - 8, 0 = 5*z - 2*h + 43. Calculate the remainder when o is divided by d(z).
15
Let i(o) = -o**2 + 6*o + 4. What is the remainder when 42 is divided by i(5)?
6
Let p be 4 + 2 + -1 - 3. Suppose -4*o = 2*c - 96, 1 = p*o - o. Calculate the remainder when c is divided by 12.
10
Let a = -156 - -181. What is the remainder when (-222)/2*(-4)/6 is divided by a?
24
Let h = -29 - -33. Calculate the remainder when 7 is divided by h.
3
Suppose 0 = -11*f + 12*f - 18. Calculate the remainder when 71 is divided by f.
17
Let d(g) = -g**3 - 10*g**2 + 7*g + 21. What is the remainder when d(-11) is divided by 17?
14
Calculate the remainder when 114/10 + (-3)/(-5) is divided by 4.
0
Let j(f) = -f**2 + 14*f + 9. Suppose 0*m - 5*g = 3*m - 55, m + g = 17. What is the remainder when j(11) is divided by m?
12
Let a = 33 - 5. Calculate the remainder when a is divided by 6.
4
Let g(p) = -8*p. Let w = 1 - 5. What is the remainder when g(w) is divided by 11?
10
Suppose -3*u + 8*u = 20. What is the remainder when (2/u)/(1/2) is divided by 1 + (2/1 - 2)?
0
Let y be (2/4 + -1)*-24. Suppose -4*v = -44 - y. Calculate the remainder when 41 is divided by v.
13
Let m be 0/((1 + 1)/2). Suppose 4*s - s + 9 = 5*q, m = 2*s - 3*q + 5. Let d = s - 1. Calculate the remainder when 1 is divided by d.
0
Let g = 27 + -23. What is the remainder when 41 is divided by (-4)/(g/(-2)) + 20?
19
Calculate the remainder when (2 + -3 + 4)*31 is divided by 24.
21
Let o(a) = 3*a**2 + 2*a - 2. Suppose 0*c = -5*c - 15. Calculate the remainder when 55 is divided by o(c).
17
Let g = -6 + 12. Suppose -3*l + 44 = -l. What is the remainder when l is divided by g?
4
Suppose 16 = 4*p + o, -5*p + 20 = -0*p - 4*o. Suppose -p*y = 1 - 9. Suppose -y*x + 1 + 5 = 0. What is the remainder when x is divided by 2?
1
Suppose 80 = 4*n + n. What is the remainder when 46 is divided by n?
14
Let j be -5 - 1/(-1 + 0). Let m be (-2)/j - (-34)/4. Suppose m = v + 2*s, -5*s = 5*v + 3 - 43. Calculate the remainder when 13 is divided by v.
6
Suppose 10 = m + 2*o - 13, -2*m - 5*o + 48 = 0. Let s = m + -10. What is the remainder when s is divided by -1*(4/(-18) - (-215)/(-45))?
4
Suppose 0 = u - 8 - 13. What is the remainder when u is divided by 8?
5
Calculate the remainder when 0 - (8 - (3 - 0))/(-1) is divided by 12/(-15)*(-10)/2.
1
What is the remainder when (10/20)/((-2)/(-436)) is divided by 37?
35
Let x = 105 - 66. Calculate the remainder when x is divided by 10.
9
Suppose 5*i - 125 - 115 = 0. Calculate the remainder when 190 is divided by i.
46
Let u = 92 - 25. What is the remainder when u is divided by 17?
16
Let t = 161 - 144. Suppose -4*h - 4*p + 24 = 0, 0*p = -5*p. Calculate the remainder when t is divided by h.
5
Let b(l) = 7*l + 3*l + 1 - l**2 + 4. Let p = 3 - -6. What is the remainder when 26 is divided by b(p)?
12
Let j(h) = -4*h - 14. Let l(v) = v - 1. Let n(g) = j(g) + l(g). Calculate the remainder when 23 is divided by n(-7).
5
Suppose 5*q + 59 = 2*l, -4 = -4*q - 16. Calculate the remainder when l is divided by 8.
6
Let n = 270 + -157. Calculate the remainder when n is divided by 39.
35
What is the remainder when 54 is divided by ((-7)/(-2))/((-8)/(-32))?
12
Suppose -2*t + 3*t = 5. Suppose -5*w + 0*w = 2*l + 6, 31 = t*l + w. Suppose -v + 3 = -0. Calculate the remainder when l is divided by v.
1
Suppose 2*q - 6*q - z + 46 = 0, -2*q + 5*z = -12. Suppose 0 = -t + 1 + 3. What is the remainder when q is divided by t?
3
Let l(d) = -d**3 + 4*d**2 + 2*d - 6. Let i be l(4). Suppose -16 = -4*u, 5*b + 4 = i*u - 9. Let q = 10 + b. What is the remainder when 26 is divided by q?
8
Suppose 5*h + 24 = 4*p + h, 2*h = -2*p + 24. What is the remainder when 15 is divided by p?
6
Suppose -o + 3*o = p + 23, -p - 47 = -4*o. Calculate the remainder when 23 is divided by o.
11
Let i(o) be the third derivative of -o**6/120 - 3*o**5/20 - o**4/6 - 11*o**3/6 - 3*o**2. Calculate the remainder when i(-9) is divided by 9.
7
Let o(w) = 6*w - 11. Calculate the remainder when o(5) is divided by 11.
8
Let j(m) = 11*m**2 - 8*m - 6. What is the remainder when j(-3) is divided by 30?
27
Let t be 466/4 + (-2)/(-4). Let r = t - 65. Let h = 4 + 14. What is the remainder when r is divided by h?
16
Let b = 169 - 67. What is the remainder when b is divided by 26?
24
Calculate the remainder when 284/8*2*1 is divided by (-12)/30 - 364/(-10).
35
Suppose -5*q = 25 + 140. Let v = 30 + 2. Calculate the remainder when v is divided by (-2 - -1)/(3/q).
10
Let u = 31 + -20. What is the remainder when 32 is divided by u?
10
Let f(o) = -o**3 - 13*o**2 + o + 17. Let x be f(-13). Suppose 5*n - 65 = 4*b + 76, x*b + 112 = 4*n. Calculate the remainder when 57 is divided by n.
28
Calculate the remainder when 26 is divided by ((-4)/7)/(4/(-98)).
12
Let v(j) be the first derivative of -1/2*j**2 + 22*j + 1. Calculate the remainder when v(0) is divided by 8.
6
Let c = -6 - -19. Let k = -26 + 31. Calculate the remainder when c is divided by k.
3
Suppose 2*z = -0*z + 8. Suppose -r - 8 = -4*m + 7, 3*r = z*m - 21. Suppose 2*h = -b + 23, b - m*h + 60 = 4*b. What is the remainder when b is divided by 6?
5
Suppose 3*v + x = -2*x + 291, x + 287 = 3*v. Suppose 0*b = -4*b + v. Suppose 3*f + 6*l - 59 = 2*l, 4*f + l = 57. What is the remainder when b is divided by f?
11
Calculate the remainder when 83 is divided by (4 - 1 - -55)*(-3)/(-6).
25
Let u(x) = 2*x**3 + x**2. Let y be u(1). Let l = 5 - y. Calculate the remainder when (-10)/(-3) + (-4)/12 is divided by l.
1
Let k(g) = g**2 + 5*g + 3. Calculate the remainder when k(-7) is divided by 6.
5
Let k(n) = -n**2 - 8*n. Let x be k(-8). Let g = 3 + x. Calculate the remainder when (-14)/(-8)*(g - -9) is divided by 11.
10
Let w = -21 + 60. What is the remainder when w is divided by 8?
7
Suppose -8 = -4*f + 5*p + 60, 0 = 4*p - 16. Suppose -48 = 8*g - 12*g. Calculate the remainder when f is divided by g.
10
Calculate the remainder when 26 is divided by (34/8)/(15/60).
9
Let o = -20 + 35. Suppose 3*b = -8*n + 4*n + 153, -5*n + 200 = 2*b. What is the remainder when n is divided by o?
12
Let d = 4 - 0. Suppose -4*p = -c + 18, -c + 34 = 2*c - 2*p. What is the remainder when (9*-3)/((-6)/d) is divided by c?
8
Suppose -4*d + 6 = z, 0 = 2*d - z + 2*z - 2. Suppose p + 26 = y + 4*p, -5*y - d*p + 65 = 0. Calculate the rema